{"id":68,"date":"2015-05-21T19:24:13","date_gmt":"2015-05-21T19:24:13","guid":{"rendered":"http:\/\/incluzivreghin.ro\/?page_id=68"},"modified":"2015-05-21T19:24:13","modified_gmt":"2015-05-21T19:24:13","slug":"asistenta-educationala","status":"publish","type":"page","link":"https:\/\/incluzivreghin.ro\/?page_id=68","title":{"rendered":"Asisten\u0163\u0103 educa\u0163ional\u0103"},"content":{"rendered":"<ol>\n<li>adaptarea\u00a0curricular\u0103\u00a0pentru\u00a0copiii\u00a0cuprin\u015fi\u00a0\u00een\u00a0programul\u00a0de\u00a0sprijin;<\/li>\n<li>\u00eentocmirea\u00a0documenta\u0163iei\u00a0pentru\u00a0copiii\u00a0cuprin\u015fi\u00a0\u00een\u00a0programul\u00a0de\u00a0sprijin;<\/li>\n<li>consilierea\u00a0cadrelor\u00a0didacice\u00a0din\u00a0\u015fcoala\u00a0de\u00a0mas\u0103,\u00a0acordarea\u00a0de\u00a0consultan\u0163\u0103\u00a0privind:<br \/>\nsensibilizarea\u00a0profesorilor\u00a0de\u00a0diferite\u00a0discipline\u00a0cu\u00a0privire\u00a0la\u00a0gama\u00a0complet\u0103\u00a0a\u00a0cauzelor\u00a0dificult\u0103\u0163ilor\u00a0de\u00a0\u00eenv\u0103\u0163are;<br \/>\nsensibilizarea\u00a0acestora\u00a0cu\u00a0privire\u00a0la\u00a0nevoia\u00a0de\u00a0recapitulare\u00a0\u015fi\u00a0repetare\u00a0a\u00a0celor\u00a0\u00eenv\u0103\u0163ate\u00a0\u00een\u00a0clase\u00a0cu\u00a0num\u0103r\u00a0mare\u00a0de\u00a0elevi;<br \/>\nconsilierea\u00a0profesorilor\u00a0cu\u00a0privire\u00a0la\u00a0nivelul\u00a0abilit\u0103\u0163ilor\u00a0de\u00a0limbaj\u00a0\u015fi\u00a0de\u00a0lectur\u0103;<br \/>\nsf\u0103tuirea\u00a0profesorilor\u00a0cu\u00a0privire\u00a0la\u00a0problemele\u00a0pe\u00a0care\u00a0le\u00a0\u00eent\u00e2mpin\u0103\u00a0anumi\u0163i\u00a0copii,\u00a0ca\u00a0\u015fi\u00a0asupra\u00a0domeniilor\u00a0\u00een\u00a0care\u00a0ace\u015ftia \u00a0\u00eenva\u0163\u0103\u00a0cu\u00a0succes.<\/li>\n<li>asisten\u0163\u0103\u00a0psihopedagogic\u0103\u00a0pentru\u00a0copiii\u00a0din\u00a0clasele\u00a0speciale\u00a0integra\u0163i\u00a0\u00een\u00a0\u00eenv\u0103\u0163\u0103m\u00e2ntul\u00a0de\u00a0mas\u0103\u00a0(\u00a0deficien\u0163\u0103\u00a0mintal\u0103\u00a0sever\u0103,\u00a0moderat\u0103,\u00a0deficien\u0163e\u00a0asociate);<\/li>\n<li>activitate\u00a0de\u00a0informare,\u00a0formare,\u00a0perfec\u0163ionare\u00a0pentru\u00a0cadrele\u00a0didactice:<br \/>\ninformare\u00a0\u015fi\u00a0consiliere;<br \/>\nformarea\u00a0cadrelor\u00a0didactice\u00a0de\u00a0sprijin\u00a0pentru\u00a0facilitarea\u00a0procesului\u00a0de\u00a0integrare;<\/li>\n<li>formarea\u00a0cadrelor\u00a0didactice\u00a0(\u00a0pe\u00a0tema\u00a0educa\u0163iei\u00a0incluzive)\u00a0din\u00a0\u015fcolile\u00a0integratoare;<\/li>\n<li>colaborarea\u00a0cu\u00a0organele\u00a0de\u00a0conducere\u00a0\u015fi\u00a0cu\u00a0personalul\u00a0didactic\u00a0din\u00a0\u015fcolile\u00a0integratoare<\/li>\n<li>activitate\u00a0de\u00a0informare\u00a0\u015fi\u00a0consiliere\u00a0pentru\u00a0p\u0103rin\u0163i:<br \/>\ninformarea\u00a0\u015fi\u00a0consilierea\u00a0p\u0103rin\u0163ilor;<\/li>\n<li>antrenarea\u00a0familiei\u00a0\u00een\u00a0vederea\u00a0acord\u0103rii\u00a0sprijinului\u00a0necesar\u00a0copilului\u00a0\u015fi\u00a0transformarea\u00a0p\u0103rin\u0163ilor\u00a0\u00een\u00a0parteneri\u00a0ai\u00a0activit\u0103\u0163ii\u00a0terapeutico-recuperatorii;<\/li>\n<li>lectorate\u00a0cu\u00a0p\u0103rin\u0163<\/li>\n<li>activitate\u00a0de\u00a0elaborare,\u00a0coordonare\u00a0\u015fi\u00a0implementare\u00a0de\u00a0programe\u00a0\u015fi\u00a0proiecte;<\/li>\n<\/ol>\n<p>&nbsp;<\/p>\n","protected":false},"excerpt":{"rendered":"<p>adaptarea\u00a0curricular\u0103\u00a0pentru\u00a0copiii\u00a0cuprin\u015fi\u00a0\u00een\u00a0programul\u00a0de\u00a0sprijin; \u00eentocmirea\u00a0documenta\u0163iei\u00a0pentru\u00a0copiii\u00a0cuprin\u015fi\u00a0\u00een\u00a0programul\u00a0de\u00a0sprijin; consilierea\u00a0cadrelor\u00a0didacice\u00a0din\u00a0\u015fcoala\u00a0de\u00a0mas\u0103,\u00a0acordarea\u00a0de\u00a0consultan\u0163\u0103\u00a0privind: sensibilizarea\u00a0profesorilor\u00a0de\u00a0diferite\u00a0discipline\u00a0cu\u00a0privire\u00a0la\u00a0gama\u00a0complet\u0103\u00a0a\u00a0cauzelor\u00a0dificult\u0103\u0163ilor\u00a0de\u00a0\u00eenv\u0103\u0163are; sensibilizarea\u00a0acestora\u00a0cu\u00a0privire\u00a0la\u00a0nevoia\u00a0de\u00a0recapitulare\u00a0\u015fi\u00a0repetare\u00a0a\u00a0celor\u00a0\u00eenv\u0103\u0163ate\u00a0\u00een\u00a0clase\u00a0cu\u00a0num\u0103r\u00a0mare\u00a0de\u00a0elevi; consilierea\u00a0profesorilor\u00a0cu\u00a0privire\u00a0la\u00a0nivelul\u00a0abilit\u0103\u0163ilor\u00a0de\u00a0limbaj\u00a0\u015fi\u00a0de\u00a0lectur\u0103; sf\u0103tuirea\u00a0profesorilor\u00a0cu\u00a0privire\u00a0la\u00a0problemele\u00a0pe\u00a0care\u00a0le\u00a0\u00eent\u00e2mpin\u0103\u00a0anumi\u0163i\u00a0copii,\u00a0ca\u00a0\u015fi\u00a0asupra\u00a0domeniilor\u00a0\u00een\u00a0care\u00a0ace\u015ftia \u00a0\u00eenva\u0163\u0103\u00a0cu\u00a0succes. asisten\u0163\u0103\u00a0psihopedagogic\u0103\u00a0pentru\u00a0copiii\u00a0din\u00a0clasele\u00a0speciale\u00a0integra\u0163i\u00a0\u00een\u00a0\u00eenv\u0103\u0163\u0103m\u00e2ntul\u00a0de\u00a0mas\u0103\u00a0(\u00a0deficien\u0163\u0103\u00a0mintal\u0103\u00a0sever\u0103,\u00a0moderat\u0103,\u00a0deficien\u0163e\u00a0asociate); activitate\u00a0de\u00a0informare,\u00a0formare,\u00a0perfec\u0163ionare\u00a0pentru\u00a0cadrele\u00a0didactice: informare\u00a0\u015fi\u00a0consiliere; formarea\u00a0cadrelor\u00a0didactice\u00a0de\u00a0sprijin\u00a0pentru\u00a0facilitarea\u00a0procesului\u00a0de\u00a0integrare; formarea\u00a0cadrelor\u00a0didactice\u00a0(\u00a0pe\u00a0tema\u00a0educa\u0163iei\u00a0incluzive)\u00a0din\u00a0\u015fcolile\u00a0integratoare; colaborarea\u00a0cu\u00a0organele\u00a0de\u00a0conducere\u00a0\u015fi\u00a0cu\u00a0personalul\u00a0didactic\u00a0din\u00a0\u015fcolile\u00a0integratoare activitate\u00a0de\u00a0informare\u00a0\u015fi\u00a0consiliere\u00a0pentru\u00a0p\u0103rin\u0163i: informarea\u00a0\u015fi\u00a0consilierea\u00a0p\u0103rin\u0163ilor; antrenarea\u00a0familiei\u00a0\u00een\u00a0vederea\u00a0acord\u0103rii\u00a0sprijinului\u00a0necesar\u00a0copilului\u00a0\u015fi\u00a0transformarea\u00a0p\u0103rin\u0163ilor\u00a0\u00een\u00a0parteneri\u00a0ai\u00a0activit\u0103\u0163ii\u00a0terapeutico-recuperatorii; lectorate\u00a0cu\u00a0p\u0103rin\u0163 activitate\u00a0de\u00a0elaborare,\u00a0coordonare\u00a0\u015fi\u00a0implementare\u00a0de\u00a0programe\u00a0\u015fi\u00a0proiecte; &nbsp;<\/p>\n","protected":false},"author":1,"featured_media":0,"parent":0,"menu_order":0,"comment_status":"closed","ping_status":"closed","template":"","meta":{"footnotes":""},"class_list":["post-68","page","type-page","status-publish","hentry"],"_links":{"self":[{"href":"https:\/\/incluzivreghin.ro\/index.php?rest_route=\/wp\/v2\/pages\/68","targetHints":{"allow":["GET"]}}],"collection":[{"href":"https:\/\/incluzivreghin.ro\/index.php?rest_route=\/wp\/v2\/pages"}],"about":[{"href":"https:\/\/incluzivreghin.ro\/index.php?rest_route=\/wp\/v2\/types\/page"}],"author":[{"embeddable":true,"href":"https:\/\/incluzivreghin.ro\/index.php?rest_route=\/wp\/v2\/users\/1"}],"replies":[{"embeddable":true,"href":"https:\/\/incluzivreghin.ro\/index.php?rest_route=%2Fwp%2Fv2%2Fcomments&post=68"}],"version-history":[{"count":0,"href":"https:\/\/incluzivreghin.ro\/index.php?rest_route=\/wp\/v2\/pages\/68\/revisions"}],"wp:attachment":[{"href":"https:\/\/incluzivreghin.ro\/index.php?rest_route=%2Fwp%2Fv2%2Fmedia&parent=68"}],"curies":[{"name":"wp","href":"https:\/\/api.w.org\/{rel}","templated":true}]}}